omposite number?
False
Is 1509727 composite?
False
Is 71219957 composite?
False
Is 818497 a composite number?
True
Is 3027221 prime?
True
Is 4272263 composite?
False
Is 4059191 prime?
True
Is 4381297 a composite number?
False
Is 5528293 composite?
True
Is 70372609 composite?
False
Is 12393079 a prime number?
True
Is 367479471 a composite number?
True
Is 5270081 composite?
False
Is 23466827 composite?
False
Is 500761 prime?
False
Is 4245727 prime?
False
Is 1949369 a prime number?
False
Is 857629 a composite number?
False
Is 27284713 a composite number?
False
Is 4101869 composite?
False
Is 24196591 a prime number?
True
Is 30371849 a composite number?
True
Is 41326121 a prime number?
False
Is 127856147 a composite number?
False
Is 278219 prime?
True
Is 2326991 a composite number?
False
Is 18539369 a prime number?
False
Is 42821 a composite number?
False
Is 352524797 a composite number?
True
Is 76230559 a composite number?
True
Is 15881851 composite?
False
Is 836359415 a prime number?
False
Is 1015045613 prime?
True
Is 4397563 a prime number?
False
Is 3936103 prime?
True
Is 3047207 prime?
False
Is 39034537 a prime number?
True
Is 37844119 a composite number?
False
Is 291196481 composite?
False
Is 11827507 prime?
True
Is 2064019 a prime number?
False
Is 3088727 composite?
True
Is 57151279 a prime number?
False
Is 1811905 a prime number?
False
Is 20065445 a prime number?
False
Is 51632137 composite?
False
Is 1815511 prime?
False
Is 358717 prime?
False
Is 79117391 prime?
True
Is 1335001 a prime number?
False
Is 2291417 composite?
False
Is 3870037 a prime number?
True
Is 322699771 composite?
False
Is 7270079 prime?
False
Is 43196693 prime?
True
Is 130830643 composite?
True
Is 142385129 a prime number?
True
Is 17161883 a composite number?
True
Is 5069423 a prime number?
True
Is 38935789 a composite number?
False
Is 3236587 composite?
False
Is 1543249 prime?
False
Is 49713011 prime?
True
Is 451093 a prime number?
True
Is 164063257 composite?
False
Is 90409591 a composite number?
False
Is 19994581 a prime number?
True
Is 843881 a prime number?
True
Is 11508157 a prime number?
False
Is 426472127 composite?
False
Is 3755769 a prime number?
False
Is 6094601 composite?
False
Is 9362471 composite?
False
Is 4031913 composite?
True
Is 21557 composite?
False
Is 197744061 composite?
True
Is 11937097 a prime number?
True
Is 437436013 a composite number?
True
Is 405131381 prime?
True
Is 181183 prime?
True
Is 1270679 composite?
False
Is 21491395 a prime number?
False
Is 8025307 a composite number?
True
Is 32333957 prime?
True
Is 42204307 prime?
False
Is 272533439 prime?
True
Is 49902193 a composite number?
True
Is 152370587 prime?
True
Is 3391691 composite?
True
Is 34733999 a prime number?
False
Is 12346507 prime?
False
Is 45627959 a composite number?
True
Is 69256751 a composite number?
True
Is 6372745 composite?
True
Is 5338547 a prime number?
True
Is 945227 a prime number?
True
Is 2889563 a prime number?
False
Is 28495807 a composite number?
False
Is 671003 a composite number?
False
Is 1338203 a composite number?
True
Is 1809659 composite?
True
Is 6264691 prime?
False
Is 74478811 a composite number?
True
Is 239447053 composite?
False
Is 53393 composite?
True
Is 450826001 a composite number?
False
Is 4088185 prime?
False
Is 2447191 a composite number?
True
Is 580958087 prime?
True
Is 324879799 a prime number?
True
Is 3091457 prime?
True
Is 361717 prime?
False
Is 94826933 a prime number?
True
Is 193652201 composite?
False
Is 31664219 a prime number?
False
Is 1590469 composite?
True
Is 16206257 composite?
False
Is 832211 a prime number?
True
Is 429330621 composite?
True
Is 36902219 prime?
True
Is 4354115 composite?
True
Is 220401718 prime?
False
Is 185048683 a composite number?
False
Is 1514593 composite?
False
Is 33919829 a composite number?
True
Is 162402446 composite?
True
Is 17110949 composite?
False
Is 2930927 composite?
True
Is 36753997 a prime number?
False
Is 16293217 a composite number?
False
Is 11284087 composite?
True
Is 2546879 prime?
False
Is 4190713 prime?
False
Is 1617319 composite?
True
Is 11771603 composite?
False
Is 6574249 a composite number?
True
Is 12062729 a composite number?
True
Is 25730863 a prime number?
False
Is 909749 a composite number?
True
Is 25429343 a prime number?
True
Is 24937247 a prime number?
True
Is 757381 prime?
True
Is 49622891 a composite number?
True
Is 972373 prime?
True
Is 81531623 composite?
False
Is 57452533 composite?
True
Is 59346083 prime?
False
Is 194470697 a prime number?
True
Is 97647311 a prime number?
False
Is 1870139 a composite number?
False
Is 11563807 prime?
False
Is 27419291 a composite number?
False
Is 276965657 a composite number?
True
Is 86749 a prime number?
False
Is 34901843 composite?
False
Is 2998627 a prime number?
False
Is 4870837 prime?
True
Is 440263717 a composite number?
False
Is 894796781 a composite number?
False
Is 60666581 a composite number?
False
Is 334911 a composite number?
True
Is 362527 prime?
False
Is 1180163 a prime number?
False
Is 1120672829 composite?
False
Is 537703 composite?
False
Is 3575217 composite?
True
Is 75270121 a prime number?
True
Is 126802963 prime?
False
Is 7099223 a composite number?
False
Is 144463753 a composite number?
True
Is 85931 prime?
True
Is 421725283 prime?
False
Is 10972777 composite?
False
Is 4481923 prime?
False
Is 6510011 a prime number?
True
Is 2055113 a prime number?
False
Is 323235509 a prime number?
True
Is 9038177 a prime number?
False
Is 906229 prime?
True
Is 4447523 a composite number?
True
Is 4411657 a composite number?
True
Is 380649361 a prime number?
True
Is 1120001 composite?
False
Is 728551 a prime number?
True
Is 178108382 a composite number?
True
Is 6646798 a prime number?
False
Is 67650799 composite?
False
Is 10422701 prime?
False
Is 176134471 prime?
False
Is 2506363 prime?
True
Is 27332957 composite?
True
Is 11022923 a prime number?
True
Is 2757586789 a composite number?
False
Is 4862219 a prime number?
True
Is 801806 a composite number?
True
Is 6895109 a composite number?
True
Is 867641 a composite number?
False
Is 4161797 a prime number?
False
Is 55307 prime?
False
Is 460329539 a composite number?
True
Is 4736239 prime?
False
Is 41719 a composite number?
False
Is 527077 composite?
True
Is 37230227 a composite number?
False
Is 12658487 a prime number?
False
Is 847519 prime?
True
Is 58130491 composite?
True
Is 78213799 composite?
False
Is 27055607 prime?
False
Is 8241157 a composite number?
True
Is 2678821 prime?
False
Is 56043763 prime?
True
Is 3027113 a composite number?
True
Is 408748789 composite?
False
Is 8841029 a prime number?
False
Is 84878363 a composite number?
False
Is 19233541 a composite number?
True
Is 256583447 a composite number?
True
Is 4669235 composite?
True
Is 4198767 a prime number?
False
Is 668446663 composite?
False
Is 15414523 a composite number?
False
Is 38728769 prime?
True
Is 180449743 a prime number?
False
Is 496194323 prime?
True
Is 174179 a prime number?
False
Is 81162569 a composite number?
False
Is 46559698 composite?
True
Is 3315001 composite?
False
Is 53385001 a composite number?
True
Is 1111641703 a prime number?
True
Is 17905289 a prime number?
True
Is 199483 composite?
False
Is 311377763 prime?
False
Is 9829741 composite?
True
Is 411783194 a composite number?
True
Is 6559897 a composite number?
False
Is 3533531 a prime number?
True
Is 2934349 prime?
False
Is 1276433 a composite number?
False
Is 2964593 a composite number?
True
Is 11179853 composite?
False
Is 4472893 prime?
False
Is 3123649 a prime number?
False
Is 827683 a composite number?
True
Is 27850117 prime?
True
Is 539947 a prime number?
True
Is 3659407 a composite number?
True
Is 67579769 prime?
True
Is 88782049 a composite number?
True
Is 14197457 a prime number?
False
Is 84015539 a prime number?
True
Is 309122873 a composite number?
False
Is 1565671 a prime number?
True
Is 24562861 a composite number?
True
Is 3531974 prime?
False
Is 5812319 a prime number?
True
Is 15378539 a prime number?
False
Is 31859687 prime?
True
Is 23510887 prime?
True
Is 16015669 a composite number?
False
Is 10288031 composite?
True
Is 61846553 prime?
True
Is 311655179 a prime number?
False
Is 14606899 a prime number?
False
Is 235271 a composite number?
True
I